NOAA-Style Climate Reports


NOAA Climate Reports are updated by Weatherlink v6.0.3 once per hour from this station.
2007-2018 Summary

Report for 2019 July
                   MONTHLY CLIMATOLOGICAL SUMMARY for JUL. 2019

NAME: CW6839   CITY: Country Meadow, Clay   STATE: New York 
ELEV:   410 ft  LAT:  43° 10' 16" N  LONG:  76° 09' 44" W

                   TEMPERATURE (°F), RAIN  (in), WIND SPEED (mph)

                                      HEAT  COOL        AVG
    MEAN                              DEG   DEG         WIND                 DOM
DAY TEMP  HIGH   TIME   LOW    TIME   DAYS  DAYS  RAIN  SPEED HIGH   TIME    DIR
------------------------------------------------------------------------------------
 1  67.0  78.1   3:00p  53.1   5:40a   3.2   5.1  0.00   0.6  10.0  11:40a   NNW
 2  68.8  80.3   2:10p  61.4  12:10a   0.9   4.7  0.05   0.3   9.0   3:10p   NNW
 3  73.5  86.7   2:50p  60.3   5:40a   0.9   9.4  0.00   0.5   9.0   5:00p     N
 4  76.8  89.5   3:40p  60.9   5:40a   0.6  12.4  0.00   1.0  11.0   3:50p   ENE
 5  80.3  89.8   3:20p  72.9  11:50p   0.0  15.3  0.02   1.1  15.0   9:50a    SW
 6  76.2  83.3  11:10a  69.5  12:00m   0.0  11.2  0.09   0.3   9.0  12:20p    NW
 7  68.7  79.8   1:50p  58.9  12:00m   1.2   4.9  0.00   0.9  13.0   2:40p     N
 8  66.5  81.0   4:00p  52.0   6:10a   3.6   5.2  0.00   0.7  11.0   5:10p    NW
 9  68.3  83.9   3:50p  52.3   5:50a   3.5   6.8  0.00   0.3   8.0   7:00p   WSW
10  73.6  87.1   4:20p  58.0   5:50a   1.8  10.4  0.00   0.3   8.0   3:00p    NE
11  77.9  85.6   1:50p  69.9   2:20a   0.0  12.9  0.85   1.5  15.0   4:00p    SW
12  67.5  74.2   5:00p  61.3  11:50p   0.4   2.9  0.00   0.4  11.0   6:50p    SW
13  73.0  83.1   4:20p  61.5  12:10a   0.3   8.3  0.00   0.5  10.0   3:50p    SW
14  70.8  78.3  12:20p  60.9  12:00m   0.2   6.0  0.00   0.6  12.0  12:50p    NW
15  69.2  81.4   3:30p  57.6   5:00a   1.9   6.0  0.00   0.4   9.0   3:10p   NNW
16  74.4  90.1   2:10p  62.6  12:30a   0.3   9.7  0.09   0.5  13.0   2:40p    SW
17  71.5  74.9   9:30a  66.3  12:00m   0.0   6.5  1.34   0.3   8.0   1:20a   WSW
18  73.9  84.8   4:10p  63.8   4:20a   0.1   9.0  0.00   0.6  10.0  11:20a   ENE
19  78.0  90.6   3:30p  68.8   3:40a   0.0  13.0  0.24   0.4  12.0   4:10p    SW
20  81.7  91.3   4:20p  73.4   1:30a   0.0  16.7  0.00   0.6  13.0   6:00p   WSW
21  77.7  84.2   4:10p  64.1  12:00m   0.0  12.7  0.00   0.5  14.0   2:00p    NW
22  65.9  68.5   3:30a  63.9   1:30a   0.1   1.0  0.73   0.1   6.0   3:10a   ENE
23  69.1  79.8   3:50p  59.3  12:00m   1.1   5.1  0.01   0.5  10.0   2:20p     N
24  67.2  79.6   4:00p  56.1   5:40a   2.7   5.0  0.00   0.5  11.0   4:20p     N
25  68.2  80.3   1:50p  55.9   5:00a   2.4   5.7  0.00   0.4  12.0   3:40p   NNW
26  71.3  84.9   2:30p  59.1   5:50a   1.4   7.7  0.00   0.3  10.0   5:10p   SSW
27  74.8  87.6   2:30p  60.7   5:50a   0.7  10.5  0.00   0.7  14.0   1:20p    SW
28  76.5  84.6   3:50p  66.7   4:00a   0.0  11.5  0.00   1.2  15.0   9:20a   WSW
29  74.8  87.7   2:40p  66.0   6:20a   0.0   9.8  0.20   0.4  12.0   5:40p    SW
30  73.3  87.4   1:20p  65.1   6:00a   0.0   8.3  0.40   0.6  30.0   1:30p     E
31  71.7  80.4   1:40p  61.4  12:00m   0.2   7.0  0.00   0.4   9.0   2:30p   WSW
-------------------------------------------------------------------------------------
    72.5  91.3    20    52.0     8    27.5 260.7  4.02   0.6  30.0    30      SW

Max >=  90.0:  3
Max <=  32.0:  0
Min <=  32.0:  0
Min <=   0.0:  0
Max Rain: 1.34 ON 07/17/19
Days of Rain: 10 (>.01 in) 6 (>.1 in) 1 (>1 in)
Heat Base:  65.0  Cool Base:  65.0  Method: Integration