NOAA-Style Climate Reports


NOAA Climate Reports are updated by Weatherlink v6.0.3 once per hour from this station.
2007-2018 Summary

Report for 2019 August
                   MONTHLY CLIMATOLOGICAL SUMMARY for AUG. 2019

NAME: CW6839   CITY: Country Meadow, Clay   STATE: New York 
ELEV:   410 ft  LAT:  43° 10' 16" N  LONG:  76° 09' 44" W

                   TEMPERATURE (°F), RAIN  (in), WIND SPEED (mph)

                                      HEAT  COOL        AVG
    MEAN                              DEG   DEG         WIND                 DOM
DAY TEMP  HIGH   TIME   LOW    TIME   DAYS  DAYS  RAIN  SPEED HIGH   TIME    DIR
------------------------------------------------------------------------------------
 1  68.2  80.7   2:20p  57.5  12:00m   2.2   5.4  0.00   0.6  11.0   2:20p    NW
 2  67.2  81.6   4:00p  51.8   6:20a   3.5   5.8  0.00   0.4   7.0  11:40a     N
 3  71.2  83.8   3:40p  60.8   5:20a   1.0   7.2  0.00   0.4  11.0   2:50p   NNW
 4  68.2  77.7   2:50p  55.9  12:00m   1.2   4.5  0.00   1.0  12.0   2:20p   NNW
 5  66.7  82.3   3:20p  51.0   6:10a   4.0   5.7  0.00   0.3   9.0  12:50p     S
 6  69.9  87.8   2:30p  60.5   5:50a   1.0   6.0  0.27   0.4  16.0   3:10p   SSE
 7  69.7  79.3   1:50p  63.8   5:00a   0.1   4.8  0.48   0.2   8.0   1:50p   WNW
 8  69.5  82.2   2:00p  64.7   3:30p   0.0   4.5  0.41   0.9  14.0   1:40p    SW
 9  66.9  76.9   4:00p  58.6   8:00p   1.7   3.6  0.45   1.0  20.0   7:30p    SW
10  64.2  72.5   1:30p  57.7   2:50a   2.5   1.7  0.01   0.7  12.0  11:40a    SW
11  65.8  78.2   3:50p  54.1   5:40a   3.6   4.4  0.00   0.5  11.0   9:20a   WSW
12  69.4  81.8   3:30p  56.5   6:00a   2.2   6.7  0.00   0.4  11.0  11:30a   WSW
13  72.7  81.8   1:50p  64.0  12:00m   0.0   7.7  0.19   0.5  12.0   5:20p   WSW
14  68.1  80.2   1:10p  57.8   5:50a   2.1   5.2  0.00   0.9  11.0   3:30p     N
15  67.2  79.6   4:00p  54.9   4:50a   2.7   4.9  0.00   0.9  13.0   1:00p   ENE
16  70.2  80.8   3:00p  63.1   6:10a   0.2   5.3  0.42   1.0  13.0   9:30p   ENE
17  67.8  79.9   1:00p  61.9   6:40a   0.6   3.3  0.49   0.5  12.0   2:20p     S
18  69.8  82.9   2:50p  60.0   5:30a   1.2   5.9  0.41   0.4  12.0   4:40p   SSE
19  71.8  82.1   1:30p  64.4   5:30a   0.0   6.8  0.00   0.5  11.0  11:40a   NNW
20  71.2  83.7   4:40p  58.4   6:30a   1.1   7.3  0.00   0.2  11.0   2:30p   SSE
21  71.7  81.1   5:00p  67.2   1:10a   0.0   6.7  0.60   0.4  11.0   7:10a   ENE
22  68.6  75.8  11:20a  57.6  11:30p   0.9   4.5  0.00   0.4  14.0   2:30p   WSW
23  63.2  73.3   2:00p  53.1   6:30a   4.0   2.2  0.00   1.3  12.0  11:00a   NNW
24  60.0  68.2  11:30a  49.2   6:30a   5.5   0.5  0.00   1.0  11.0   1:40p     N
25  63.0  76.3   4:20p  50.6   6:40a   5.1   3.1  0.00   0.8  11.0   1:50p   ENE
26  63.3  75.9   4:20p  52.1   6:40a   4.6   2.9  0.00   1.2  12.0   2:50p   ENE
27  65.1  73.2   1:50p  54.9   4:30a   2.9   3.1  0.00   2.4  16.0   9:40a     S
28  67.7  70.4   5:50p  60.6  12:00m   0.3   3.0  0.69   0.6   9.0   4:50a     S
29  63.9  74.7   4:00p  56.8  12:00m   3.5   2.3  0.00   0.5  13.0  11:10a   WSW
30  66.4  76.2   1:50p  54.6   2:20a   2.6   4.0  0.00   1.2  13.0   8:20a    NW
31  60.5  72.7   2:10p  49.9   6:20a   6.3   1.8  0.00   0.5  12.0   2:40p     N
-------------------------------------------------------------------------------------
    67.4  87.8     6    49.2    24    66.6 140.8  4.42   0.7  20.0     9     WSW

Max >=  90.0:  0
Max <=  32.0:  0
Min <=  32.0:  0
Min <=   0.0:  0
Max Rain: 0.69 ON 08/28/19
Days of Rain: 10 (>.01 in) 10 (>.1 in) 0 (>1 in)
Heat Base:  65.0  Cool Base:  65.0  Method: Integration