NOAA-Style Climate Reports


NOAA Climate Reports are updated by Weatherlink v6.0.3 once per hour from this station.
2007-2018 Summary

Report for 2019 September
                   MONTHLY CLIMATOLOGICAL SUMMARY for SEP. 2019

NAME: CW6839   CITY: Country Meadow, Clay   STATE: New York 
ELEV:   410 ft  LAT:  43° 10' 16" N  LONG:  76° 09' 44" W

                   TEMPERATURE (°F), RAIN  (in), WIND SPEED (mph)

                                      HEAT  COOL        AVG
    MEAN                              DEG   DEG         WIND                 DOM
DAY TEMP  HIGH   TIME   LOW    TIME   DAYS  DAYS  RAIN  SPEED HIGH   TIME    DIR
------------------------------------------------------------------------------------
 1  60.8  69.9   4:00p  51.6   1:00a   5.2   1.1  0.74   0.6  11.0   9:30p   ENE
 2  64.8  73.4   4:10p  57.7  10:00p   1.7   1.5  0.76   0.7   9.0   4:50a   SSE
 3  66.3  76.3   4:00p  57.1   6:20a   2.2   3.5  0.01   0.6  11.0  12:00m   ENE
 4  68.4  75.1  11:20a  59.9  12:00m   0.7   4.1  0.60   2.5  24.0   3:10a    NW
 5  61.0  72.5   3:50p  51.6  11:50p   5.6   1.6  0.00   0.5   8.0   5:40p     N
 6  60.5  73.1   3:20p  47.2   7:10a   6.6   2.1  0.01   1.3  16.0   4:00p   ENE
 7  62.0  68.4   3:10p  57.5   6:10a   3.3   0.4  0.00   0.5  11.0  10:40a    NW
 8  59.5  69.3   2:10p  52.2   5:40a   5.9   0.5  0.00   0.5  11.0  11:30a   WSW
 9  57.8  69.3   4:00p  49.0  12:00m   7.6   0.5  0.00   0.6  10.0   2:20p     N
10  64.6  80.9   3:40p  46.3   5:30a   6.5   6.1  0.00   1.3  13.0   9:30p     S
11  73.2  82.6   2:00p  64.5  11:20p   0.0   8.3  0.20   0.9  12.0  10:50a    NW
12  61.6  69.3   3:40p  52.4  11:50p   3.7   0.3  0.02   0.9  10.0   5:10a     N
13  60.3  72.9   3:00p  47.3   6:50a   6.1   1.5  0.00   3.6  25.0  11:40p   SSE
14  64.9  76.0   3:40p  55.7  11:10p   2.4   2.3  0.04   2.8  29.0  12:10a   SSE
15  61.5  73.6   1:40p  51.8   7:00a   4.6   1.1  0.09   0.3   9.0  11:40a     W
16  61.4  72.4   4:10p  50.2  12:00m   4.7   1.1  0.00   0.8   9.0  10:30a     N
17  57.3  72.4   2:50p  44.1   6:50a   9.3   1.6  0.00   0.8  14.0   2:30p   NNW
18  56.8  72.7   5:00p  44.0   7:00a   9.5   1.3  0.00   0.6   9.0   1:50p   NNW
19  57.5  71.9   2:20p  43.9   7:00a   8.9   1.4  0.00   0.6   9.0   3:00p   NNW
20  59.8  77.0   4:40p  46.2   6:50a   7.7   2.5  0.00   0.1   7.0   1:30p   ENE
21  64.2  81.1   3:30p  50.9   6:50a   4.8   4.1  0.00   0.3   7.0  12:10p     E
22  71.1  86.0   3:50p  55.9   6:50a   2.7   8.8  0.00   0.7  12.0   4:30p    NE
23  71.8  77.3  11:00a  60.9  12:00m   0.3   7.1  1.06   1.7  14.0   4:20p    SW
24  59.9  66.9   1:00p  52.1  11:50p   5.1   0.0  0.08   0.9  12.0   3:00p   WSW
25  62.3  77.4   4:10p  46.5   6:20a   6.2   3.5  0.00   0.8  16.0  11:20p   SSW
26  61.6  69.1   1:50a  50.5  11:30p   4.1   0.6  0.18   0.4  16.0   5:40p   WSW
27  58.6  73.1   3:50p  46.7   5:20a   8.0   1.6  0.00   1.0  12.0   1:50p   SSE
28  67.9  78.7  12:30p  60.2   1:40a   1.2   4.1  0.36   0.7  13.0  12:20a   NNW
29  56.8  65.2   2:50p  50.8  10:10p   8.2   0.0  0.00   0.8  14.0   3:10a   NNW
30  55.7  61.3  11:10p  50.6   6:50a   9.3   0.0  0.00   0.6  10.0   9:30a    SE
-------------------------------------------------------------------------------------
    62.3  86.0    22    43.9    19   152.1  72.6  4.15   0.9  29.0    14     NNW

Max >=  90.0:  0
Max <=  32.0:  0
Min <=  32.0:  0
Min <=   0.0:  0
Max Rain: 1.06 ON 09/23/19
Days of Rain: 11 (>.01 in) 7 (>.1 in) 1 (>1 in)
Heat Base:  65.0  Cool Base:  65.0  Method: Integration