NOAA-Style Climate Reports


NOAA Climate Reports are updated by Weatherlink v6.0.3 once per hour from this station.
2007-2018 Summary

Report for 2019 October
                   MONTHLY CLIMATOLOGICAL SUMMARY for OCT. 2019

NAME: CW6839   CITY: Country Meadow, Clay   STATE: New York 
ELEV:   410 ft  LAT:  43° 10' 16" N  LONG:  76° 09' 44" W

                   TEMPERATURE (°F), RAIN  (in), WIND SPEED (mph)

                                      HEAT  COOL        AVG
    MEAN                              DEG   DEG         WIND                 DOM
DAY TEMP  HIGH   TIME   LOW    TIME   DAYS  DAYS  RAIN  SPEED HIGH   TIME    DIR
------------------------------------------------------------------------------------
 1  71.3  87.3   3:00p  60.7   2:30a   1.4   7.6  0.14   1.0  16.0   6:50p   WSW
 2  60.7  69.8  12:50a  46.8  11:30p   5.7   1.4  0.10   1.2  12.0  10:40a    SW
 3  48.6  55.4  11:40p  46.3   2:50a  16.4   0.0  0.13   1.7  16.0  11:30p   ENE
 4  47.3  54.9  12:10a  37.2  12:00m  17.7   0.0  0.02   1.9  14.0  10:20a     N
 5  44.9  59.9   5:00p  30.9   6:20a  20.1   0.0  0.00   1.1  13.0  11:50a   ENE
 6  58.9  66.2   4:30p  45.3   2:00a   6.1   0.0  0.00   3.4  18.0   5:10a     S
 7  57.7  65.5  12:10a  52.8  12:00m   7.3   0.0  1.13   0.5   9.0   1:30p    SW
 8  52.8  66.2   3:10p  42.3  11:50p  12.3   0.0  0.00   0.4   8.0   1:10p   NNW
 9  49.1  61.8   3:50p  40.1   4:10a  15.9   0.0  0.00   0.9  12.0   3:50p   ENE
10  50.6  66.7   4:10p  38.7   7:30a  14.5   0.1  0.00   0.8  13.0   1:30p   ENE
11  51.6  71.0   4:30p  35.0   7:30a  14.1   0.6  0.00   0.6   9.0   1:30p   ENE
12  49.0  56.1  11:50a  42.8   9:50p  16.0   0.0  0.12   0.1   7.0   7:00a     E
13  51.2  65.9   4:20p  36.1   6:40a  13.8   0.0  0.01   1.6  15.0   1:00p   SSE
14  50.1  57.2  10:00a  43.2  12:00m  14.9   0.0  0.00   0.5  12.0  10:20a   WSW
15  46.4  60.8   3:50p  35.0   5:30a  18.6   0.0  0.00   0.7  12.0  12:00p   ENE
16  52.1  61.6  12:50p  42.1  12:10a  12.9   0.0  1.39   2.4  21.0   8:20a   SSE
17  47.0  48.6  12:10p  45.1   6:20a  18.0   0.0  0.60   1.5  17.0  10:20p    NW
18  44.4  46.3  12:10a  41.4   9:30p  20.6   0.0  0.01   0.5  10.0  12:20p   WNW
19  43.9  56.8   3:00p  33.3   7:10a  21.1   0.0  0.00   0.4   8.0   3:10p   WSW
20  48.2  62.2   4:00p  37.7   2:00a  16.8   0.0  0.00   0.9  10.0   2:30p   ENE
21  50.1  64.4   4:20p  39.5   7:50a  14.9   0.0  0.00   1.2  12.0   3:30p   ENE
22  56.0  58.9   1:30p  51.5  11:00p   9.0   0.0  0.75   2.0  20.0   4:30a    SE
23  50.6  61.4   2:10p  41.6   7:40a  14.4   0.0  0.00   1.3  28.0   3:40p   WSW
24  51.7  62.6   2:00p  40.4  12:30a  13.3   0.0  0.00   1.1  16.0   8:40a    SW
25  46.5  50.1   3:40p  43.2   7:40a  18.5   0.0  0.08   0.2   9.0   2:30p   ENE
26  47.5  54.3   3:00p  40.7   7:10a  17.5   0.0  0.02   1.0  10.0  12:30p   ENE
27  51.2  56.5   7:40p  46.0   4:40a  13.8   0.0  0.88   2.4  16.0   1:40a   ENE
28  55.0  63.1   2:10p  48.2   7:40a  10.0   0.0  0.00   1.4  15.0  12:10a   ENE
29  55.9  68.3   3:00p  44.3   7:00a   9.4   0.3  0.00   2.3  16.0   9:00a   SSE
30  57.1  60.3   3:50p  53.6   8:00a   7.9   0.0  0.01   0.5  10.0   6:40p    SE
31  59.9  67.2   6:40p  52.7  12:00m   5.3   0.2  1.74   1.5  24.0  10:20p   ENE
-------------------------------------------------------------------------------------
    51.8  87.3     1    30.9     5   418.2  10.2  7.13   1.2  28.0    23     ENE

Max >=  90.0:  0
Max <=  32.0:  0
Min <=  32.0:  1
Min <=   0.0:  0
Max Rain: 1.74 ON 10/31/19
Days of Rain: 13 (>.01 in) 9 (>.1 in) 3 (>1 in)
Heat Base:  65.0  Cool Base:  65.0  Method: Integration