NOAA-Style Climate Reports


NOAA Climate Reports are updated by Weatherlink v6.0.3 once per hour from this station.
2007-2019 Summary

Report for 2019 December
                   MONTHLY CLIMATOLOGICAL SUMMARY for DEC. 2019

NAME: CW6839   CITY: Country Meadow, Clay   STATE: New York 
ELEV:   410 ft  LAT:  43° 10' 16" N  LONG:  76° 09' 44" W

                   TEMPERATURE (°F), RAIN  (in), WIND SPEED (mph)

                                      HEAT  COOL        AVG
    MEAN                              DEG   DEG         WIND                 DOM
DAY TEMP  HIGH   TIME   LOW    TIME   DAYS  DAYS  RAIN  SPEED HIGH   TIME    DIR
------------------------------------------------------------------------------------
 1  21.8  26.6  12:00m  17.2   2:20a  43.2   0.0  0.00   3.8  22.0   3:20p   ENE
 2  27.9  32.3   2:10p  23.3   9:20p  37.1   0.0  0.06   1.7  11.0  11:10p   NNW
 3  25.4  33.9   1:00p  12.0   7:50a  39.6   0.0  0.26   1.0  13.0   1:40a   NNW
 4  33.2  36.1   1:30p  29.8   4:10a  31.8   0.0  0.22   1.6  13.0  12:00m    SW
 5  31.3  33.9  12:30a  28.9  11:50p  33.7   0.0  0.07   2.5  16.0  12:50p   WNW
 6  28.8  31.0   3:40p  21.9   9:50p  36.2   0.0  0.00   0.7  10.0   6:40p    NW
 7  23.1  28.4   1:34p  12.7  12:00m  41.8   0.0  0.01   1.0  12.7  11:08a    NW
 8  25.3  39.9  11:28p   7.4   5:41a  39.7   0.0  0.05   2.1  17.3  11:31a   SSE
 9  42.1  48.1  10:54p  35.6   3:43a  22.9   0.0  0.56   1.9  16.1   9:42p   SSE
10  39.7  50.5   3:16a  25.7  12:00m  25.2   0.0  0.00   2.8  16.1   8:55a     W
11  25.0  33.6   1:40p  17.5   7:49a  39.9   0.0  0.00   3.3  25.3   4:13p     W 
12  28.0  31.5  12:00m  21.3  12:17a  36.9   0.0  0.00   2.5  17.3  10:08p   SSE
13  34.8  41.8  12:49a  30.5   4:59a  30.1   0.0  0.09   3.5  23.0   1:07a    SE  
14  37.9  43.7   2:30p  31.9   6:49p  27.0   0.0  0.71   2.2  18.4  10:11p     W
15  32.4  36.3  11:30a  25.6  12:00m  32.6   0.0  0.16   4.4  24.0   4:00p   WNW
16  26.8  32.4   2:00p  23.8   5:30a  38.2   0.0  0.02   0.5   9.0   2:00a     E
17  26.8  28.1   8:50p  25.3   5:40a  38.2   0.0  0.00   1.5  13.0  11:20a   ENE
18  22.3  29.8  12:40p  11.2  12:00m  42.7   0.0  0.08   3.9  24.0  10:30a   WNW
19  11.3  15.5   3:30p   6.5   2:40a  53.7   0.0  0.00   1.8  19.0   1:40a    NW
20  11.1  20.8   2:40p   1.9   8:20a  53.9   0.0  0.03   0.4   9.0  12:20p    NW
21  15.2  29.1   3:50p   3.0  12:10a  49.8   0.0  0.00   0.3   6.0  11:10a   ESE
22  26.9  47.2   2:40p  13.2   3:00a  38.1   0.0  0.02   0.4  11.0   1:00p   ENE
23  36.6  53.9   2:10p  20.2   7:30a  28.4   0.0  0.00   1.0  14.0   1:20p    SW
24  31.0  38.6  12:10a  22.7  10:40p  34.0   0.0  0.00   0.6  12.0   2:40a     N
25  31.0  41.4   3:10p  22.2   4:10a  34.0   0.0  0.00   1.3   9.0   5:10a   ENE
26  35.2  39.2   1:20p  29.5   3:10a  29.8   0.0  0.00   2.4  12.0  11:10a   ENE
27  45.4  53.6   3:50p  37.6  11:40p  19.6   0.0  0.00   2.3  15.0   4:30p   SSE
28  35.3  42.0   2:30p  26.5   9:10p  29.7   0.0  0.00   0.9  11.0   4:20a   WSW
29  31.3  35.2   2:10p  25.5   5:20a  33.7   0.0  0.30   2.6  16.0  11:20p   ENE
30  35.5  37.4  12:40p  33.5  12:10a  29.5   0.0  0.78   4.7  23.0   4:00a   ENE
31  34.3  41.1  12:30p  31.6   8:20p  30.7   0.0  0.10   1.8  17.0   4:00p   ENE
-------------------------------------------------------------------------------------
    29.5  53.9    23     1.9    20  1100.2   0.0  3.52   2.0  25.3    11       W

Max >=  90.0:  0
Max <=  32.0:  8
Min <=  32.0: 23
Min <=   0.0:  0
Max Rain: 0.78 ON 12/30/19
Days of Rain: 17 (>.01 in) 7 (>.1 in) 0 (>1 in)
Heat Base:  65.0  Cool Base:  65.0  Method: Integration