NOAA-Style Climate Reports


NOAA Climate Reports are updated by Weatherlink v6.0.3 once per hour from this station.
2007-2019 Summary

Report for 2020
                            ANNUAL CLIMATOLOGICAL SUMMARY

NAME: CW6839  CITY: Country Meadow, Clay   STATE: New York  
ELEV:   410 ft  LAT:  43° 10' 16" N  LONG:  76° 09' 44" W

               TEMPERATURE (°F), HEAT BASE 65.0, COOL BASE 65.0
                          DEP.  HEAT  COOL                                          
        MEAN  MEAN        FROM  DEG   DEG                        MAX  MAX  MIN  MIN 
 YR MO  MAX   MIN   MEAN  NORM  DAYS  DAYS  HI  DATE  LOW  DATE  >=90 <=32 <=32 <=0 
------------------------------------------------------------------------------------
 20  1  36.9  22.1  29.7   0.0  1093     0  63.6  11   0.0   21    0    8   26    1
 20  2  35.1  19.1  27.5   0.0  1087     0  54.5  24  -5.8   15    0    9   26    4
 20  3  48.2  29.6  38.9   0.0   809     1  72.3  20   4.1    1    0    0   18    0
 20  4  51.9  34.7  43.1   0.0   658     0  68.9  13  23.3   23    0    0   11    0
 20  5  66.3  45.0  55.8   0.0   364    79  90.1  26  28.7   13    1    0    7    0
 20  6  78.3  55.9  67.5   0.0    92   166  90.2  10  39.6   14    1    0    0    0
 20  7  85.9  65.0  75.1   0.0     5   163  92.8   9  57.2    5    3    0    0    0
 20  8
 20  9
 20 10
 20 11
 20 12
------------------------------------------------------------------------------------
        55.5  36.9  46.3   0.0  4108   409  92.8 JUL  -5.8  FEB    5   17   88    5

                                PRECIPITATION (in)

               DEP.   MAX        DAYS OF RAIN 
               FROM   OBS.          OVER
 YR MO  TOTAL  NORM   DAY  DATE .01   .1   1
---------------------------------------------
 20  1  2.46   0.00  0.66   25   16    9    0
 20  2  1.95   0.00  0.39   10   14    6    0
 20  3  3.23   0.00  0.70   24   16    9    0
 20  4  3.42   0.00  1.32   30   16    8    1
 20  5  3.13   0.00  1.12   15   14    8    1
 20  6  2.38   0.00  0.71   22   10    4    0
 20  7  3.09   0.00  1.59   11    4    3    2
 20  8
 20  9
 20 10
 20 11
 20 12
---------------------------------------------
       19.66  0.00  1.59  JUL   90   47    4

                                WIND SPEED (mph)
                          DOM
 YR MO   AVG.  HI   DATE  DIR
---------------------------------
 20  1   1.8  49.0   12   WNW
 20  2   1.8  33.0   28     W
 20  3   2.3  26.0   13   ENE
 20  4   2.6  36.0   30   WNW
 20  5   1.8  23.0   28    NW
 20  6   1.1  24.0   10   NNW
 20  7   1.1  22.0   16   NNW
 20  8
 20  9
 20 10
 20 11
 20 12
---------------------------------
         1.8  49.0  JAN  WNW