NOAA-Style Climate Reports


NOAA Climate Reports are updated by Weatherlink v6.0.3 once per hour from this station.
2007-2019 Summary

Report for 2020 January
                   MONTHLY CLIMATOLOGICAL SUMMARY for JAN. 2020

NAME: CW6839   CITY: Country Meadow, Clay   STATE: New York 
ELEV:   410 ft  LAT:  43° 10' 16" N  LONG:  76° 09' 44" W

                   TEMPERATURE (°F), RAIN  (in), WIND SPEED (mph)

                                      HEAT  COOL        AVG
    MEAN                              DEG   DEG         WIND                 DOM
DAY TEMP  HIGH   TIME   LOW    TIME   DAYS  DAYS  RAIN  SPEED HIGH   TIME    DIR
------------------------------------------------------------------------------------
 1  31.8  35.0   2:00p  27.5  12:00m  33.2   0.0  0.00   3.4  18.0   6:40a     W
 2  39.7  50.3   2:10p  25.9   2:30a  25.3   0.0  0.01   1.9  18.0   2:20p     S
 3  44.9  48.8  12:10p  40.6  11:20p  20.1   0.0  0.00   0.6   9.0  12:00p   SSW
 4  35.6  40.7  12:10a  31.8  10:30p  29.4   0.0  0.31   0.9   9.0   9:10a   NNW
 5  30.0  31.9  12:10a  28.5  10:00a  35.0   0.0  0.03   2.2  14.0   7:50a   WNW
 6  33.7  38.7  12:00p  28.8  12:50a  31.3   0.0  0.08   3.1  23.0   1:20p     W
 7  31.6  34.7   3:00p  27.5   7:40a  33.4   0.0  0.01   0.7  11.0  12:40a     E
 8  27.0  32.3   3:40a  17.8  12:00m  38.0   0.0  0.01   3.9  23.0   4:10p   WNW
 9  18.7  30.9  11:40p   8.8   6:40a  46.3   0.0  0.00   2.1  19.0  11:10p     E
10  37.7  44.1   3:20p  30.7  12:10a  27.3   0.0  0.14   1.7  21.0  12:20a   SSE
11  54.1  63.6   8:40p  38.6  12:10a  10.9   0.0  0.16   3.4  23.0  10:20a     S
12  36.5  62.9   6:20a  26.8  10:20p  28.5   0.0  0.10   3.4  49.0   6:20a   WNW
13  32.0  36.9   7:50p  26.8  12:30a  33.0   0.0  0.00   0.6   9.0   2:50a     E
14  39.4  46.7   1:10p  31.3   6:50a  25.6   0.0  0.00   2.0  17.0   1:10p     N
15  38.3  41.1   1:10a  33.8   8:10p  26.7   0.0  0.00   1.7  16.0   2:10a   WNW
16  29.8  35.8   6:00a  16.5  11:50p  33.5   0.0  0.18   3.6  21.0   3:50p    NW
17   8.7  16.5  12:10a   3.1   8:00a  56.3   0.0  0.00   2.2  15.0  12:10a   NNW
18  15.2  33.2  12:00m   6.3  12:30a  49.8   0.0  0.00   2.3  14.0   1:10p     E
19  24.8  33.9  12:40a  15.0  10:30p  40.2   0.0  0.02   2.8  20.0  10:00a     W
20  13.9  18.8   2:10p   7.1   8:00a  51.1   0.0  0.07   1.6  11.0   4:00a     N
21  17.3  26.0   3:20p   0.0   7:20a  47.7   0.0  0.00   0.7  10.0   9:40p    SW
22  25.1  34.2   1:40p  19.4  11:50p  39.9   0.0  0.10   0.6   7.0   9:50a   SSW
23  23.4  35.3   1:20p  11.2   5:20a  41.6   0.0  0.15   0.3   8.0   3:00p     E
24  33.7  43.7   2:40p  20.7  12:10a  31.3   0.0  0.18   2.3  14.0   1:40p   ENE
25  34.7  37.5  12:30a  32.8   9:40a  30.3   0.0  0.66   2.7  17.0   6:30a   ENE
26  34.8  37.2   3:30p  32.9  11:00p  30.2   0.0  0.11   1.3  13.0   1:50p   WSW
27  32.7  34.1   1:20p  31.7   9:50p  32.3   0.0  0.11   1.0  10.0   7:20a   WSW
28  28.6  31.8  12:10a  25.7  12:00m  36.4   0.0  0.02   1.0   9.0   9:50a    NW
29  22.1  27.9   2:40p  11.8  12:00m  42.9   0.0  0.00   1.2  12.0  11:50a   NNW
30  17.3  26.4   4:00p   8.1   6:40a  47.7   0.0  0.01   0.6   9.0   2:20p   ENE
31  27.4  34.1   1:00p  16.4   1:40a  37.6   0.0  0.00   0.4   7.0   1:40p   ENE
-------------------------------------------------------------------------------------
    29.7  63.6    11     0.0    21  1092.8   0.0  2.46   1.8  49.0    12     WNW

Max >=  90.0:  0
Max <=  32.0:  8
Min <=  32.0: 26
Min <=   0.0:  1
Max Rain: 0.66 ON 01/25/20
Days of Rain: 16 (>.01 in) 9 (>.1 in) 0 (>1 in)
Heat Base:  65.0  Cool Base:  65.0  Method: Integration