NOAA-Style Climate Reports


NOAA Climate Reports are updated by Weatherlink v6.0.3 once per hour from this station.
2007-2019 Summary

Report for 2020 February
                   MONTHLY CLIMATOLOGICAL SUMMARY for FEB. 2020

NAME: CW6839   CITY: Country Meadow, Clay   STATE: New York 
ELEV:   410 ft  LAT:  43° 10' 16" N  LONG:  76° 09' 44" W

                   TEMPERATURE (°F), RAIN  (in), WIND SPEED (mph)

                                      HEAT  COOL        AVG
    MEAN                              DEG   DEG         WIND                 DOM
DAY TEMP  HIGH   TIME   LOW    TIME   DAYS  DAYS  RAIN  SPEED HIGH   TIME    DIR
------------------------------------------------------------------------------------
 1  29.8  32.2   3:20p  28.4   5:20a  35.2   0.0  0.00   0.0   4.0   4:00a    NW
 2  31.4  36.8   1:10p  27.5   7:20a  33.6   0.0  0.02   0.3  10.0   1:10p    SW
 3  35.2  43.4   4:00p  27.5  11:00p  29.8   0.0  0.04   1.2  18.0  12:50p   WSW
 4  34.2  37.2   2:30p  30.1  12:10a  30.8   0.0  0.00   0.8   9.0  11:40p   WSW
 5  28.3  33.7  12:10a  24.6   7:40p  36.7   0.0  0.00   2.0  12.0   5:20a   WNW
 6  28.5  32.0   9:10p  22.7   1:00a  36.5   0.0  0.18   2.0  16.0   9:50a   ENE
 7  23.8  31.7  12:10a  17.1  12:00m  41.2   0.0  0.05   0.0   0.0     ---   ---
 8  11.8  17.1  12:10a  -2.8  12:00m  53.2   0.0  0.00   0.0   0.0     ---   ---
 9  18.9  33.9   3:40p  -4.2   1:10a  46.1   0.0  0.23   1.0  16.0  10:40p   SSE
10  35.7  39.5  11:10a  29.9  12:00m  29.3   0.0  0.39   1.7  18.0   2:00a     S
11  33.1  35.8   1:40p  28.9  12:30a  31.9   0.0  0.00   0.7  16.0  10:50p     W
12  33.7  38.7  11:10p  28.4   8:40a  31.3   0.0  0.01   2.2  15.0   7:30a     S
13  29.7  35.8  12:10a  13.8  12:00m  35.3   0.0  0.21   1.2  12.0  10:30p   NNW
14   6.3  13.8  12:10a  -0.1   8:10a  58.7   0.0  0.00   2.0  12.0  12:20a   NNW
15  14.8  31.5  12:00m  -5.8   6:30a  50.2   0.0  0.00   1.6  15.0  12:10p   SSE
16  33.2  39.2   2:40p  24.7  10:40p  31.8   0.0  0.02   1.7  18.0   1:30a   SSW
17  26.5  33.5   1:20p  20.3   8:50p  38.5   0.0  0.00   1.0  12.0   9:30a    NE
18  33.1  43.9   4:00p  24.1   5:00a  31.9   0.0  0.23   3.9  20.0  12:10p   ENE
19  28.5  36.9  12:10a  20.9  11:20p  36.5   0.0  0.00   3.6  18.0   4:40a   WNW
20  20.5  25.0  11:50a  17.6  11:50p  44.5   0.0  0.09   1.8  14.0  11:30a   WNW
21  18.5  30.6   4:20p   4.4   4:10a  46.5   0.0  0.05   1.3  16.0  10:40a    SW
22  24.7  40.3   3:40p   4.6   5:20a  40.3   0.0  0.01   1.6  16.0  10:10a   WSW
23  31.5  48.8   4:20p  13.8   6:50a  33.5   0.0  0.00   1.1  12.0  11:40a    SW
24  42.9  54.5   3:00p  32.5   4:40a  22.1   0.0  0.00   1.0  12.0   1:20p     S
25  36.9  41.3   1:50p  32.9   4:10a  28.1   0.0  0.03   0.1   6.0   8:00a   NNW
26  36.0  38.3  11:50a  32.5   4:20a  29.0   0.0  0.03   2.2  16.0  10:40p   ENE
27  28.1  38.8  12:40a  23.5  11:00p  36.9   0.0  0.36   6.1  29.0   7:10p     W
28  24.3  28.6   1:30p  21.6   6:40a  40.7   0.0  0.00   6.3  33.0   4:50a     W
29  18.3  24.0  12:10a  15.1   7:00a  46.7   0.0  0.00   2.4  17.0   1:10a   WNW
-------------------------------------------------------------------------------------
    27.5  54.5    24    -5.8    15  1086.8   0.0  1.95   1.8  33.0    28       W

Max >=  90.0:  0
Max <=  32.0:  9
Min <=  32.0: 26
Min <=   0.0:  4
Max Rain: 0.39 ON 02/10/20
Days of Rain: 14 (>.01 in) 6 (>.1 in) 0 (>1 in)
Heat Base:  65.0  Cool Base:  65.0  Method: Integration