NOAA-Style Climate Reports


NOAA Climate Reports are updated by Weatherlink v6.0.3 once per hour from this station.
2007-2019 Summary

Report for 2020 March
                   MONTHLY CLIMATOLOGICAL SUMMARY for MAR. 2020

NAME: CW6839   CITY: Country Meadow, Clay   STATE: New York 
ELEV:   410 ft  LAT:  43° 10' 16" N  LONG:  76° 09' 44" W

                   TEMPERATURE (°F), RAIN  (in), WIND SPEED (mph)

                                      HEAT  COOL        AVG
    MEAN                              DEG   DEG         WIND                 DOM
DAY TEMP  HIGH   TIME   LOW    TIME   DAYS  DAYS  RAIN  SPEED HIGH   TIME    DIR
------------------------------------------------------------------------------------
 1  23.4  36.4   3:50p   4.1   6:20a  41.6   0.0  0.08   0.8  10.0  12:50p   WNW
 2  39.8  55.7   2:00p  28.6  12:10a  25.2   0.0  0.23   1.5  14.0   2:20p   ENE
 3  41.6  49.5   5:00p  36.3   6:30a  23.4   0.0  0.29   1.7  24.0   7:40p   ENE
 4  38.2  44.6  11:40a  33.0   8:30p  26.8   0.0  0.03   3.3  19.0   2:20a     W
 5  35.8  43.9   3:30p  31.4   8:40p  29.2   0.0  0.01   1.5  13.0   1:40a   WNW
 6  34.9  44.7   2:10p  29.9  12:00m  30.1   0.0  0.02   3.9  14.0  11:30a   ENE
 7  27.4  34.1   1:40p  21.4   6:50a  37.6   0.0  0.00   2.9  18.0   1:50a   NNW
 8  39.2  57.3   5:30p  22.7   1:50a  24.7   0.0  0.00   1.0  12.0  11:10a   WSW
 9  55.7  68.9   4:00p  36.4  12:10a   9.7   0.4  0.00   1.9  20.0  11:50a    SW
10  50.3  61.7   6:00a  34.8  12:00m  14.7   0.0  0.16   3.9  24.0   6:50a   WNW
11  33.4  38.1   5:50p  25.5   7:40a  31.6   0.0  0.00   1.2  14.0   4:00p   ENE
12  41.0  51.2   7:00p  30.9   5:40a  24.0   0.0  0.00   1.4  13.0  11:50p   ENE
13  46.0  55.8  10:00a  38.1  11:50p  19.0   0.0  0.14   5.4  26.0  10:10a   WNW
14  36.2  39.1  12:50a  34.2   7:30a  28.8   0.0  0.00   3.3  20.0   3:10a   WNW
15  31.2  37.1   2:50p  24.6  12:00m  33.8   0.0  0.00   2.9  15.0   2:20p   NNW
16  33.6  49.0   6:20p  18.2   4:50a  31.4   0.0  0.00   1.9  19.0  11:50p   ENE
17  40.9  44.2   3:00p  34.5  12:00m  24.1   0.0  0.02   3.6  20.0  12:40a     S
18  36.7  45.8   2:40p  22.8   7:00a  28.3   0.0  0.00   1.2  11.0   4:50p   ENE
19  43.8  49.2   3:20p  39.1   6:40a  21.2   0.0  0.08   2.8  16.0   1:10p   ENE
20  53.1  72.3   3:00p  33.0  12:00m  12.5   0.6  0.35   5.3  25.0   2:50p   WNW
21  28.6  33.7   3:10p  21.3  12:00m  36.4   0.0  0.00   4.2  15.0  12:10a   NNW
22  28.0  38.4   4:50p  15.7   7:20a  37.0   0.0  0.00   2.1  16.0   6:10p   ENE
23  31.6  35.4   3:50a  30.2   7:30a  33.4   0.0  0.09   1.3  13.0   3:40a     E
24  33.8  39.1   2:20p  29.6  11:50p  31.2   0.0  0.70   0.4   8.0   1:30p     N
25  37.6  47.9   3:50p  28.1   3:50a  27.4   0.0  0.01   2.0  15.0   1:50p   ENE
26  46.5  61.8   2:40p  32.3   2:30a  18.5   0.0  0.01   1.8  14.0   8:10p   ENE
27  40.8  50.2   5:10p  31.5  11:50p  24.2   0.0  0.00   1.9  12.0   1:50a   NNW
28  38.6  45.1   4:40p  28.8   4:00a  26.4   0.0  0.19   2.0  14.0   9:40p   ENE
29  48.5  59.8   4:40p  41.0  12:10a  16.5   0.0  0.32   3.4  19.0   9:40p   ENE
30  46.3  51.6  12:10a  41.6  11:40p  18.7   0.0  0.44   0.8  12.0   2:00p    SW
31  43.4  51.5   4:20p  39.4   6:30a  21.7   0.0  0.06   1.5  12.0   6:00p   ENE
-------------------------------------------------------------------------------------
    38.9  72.3    20     4.1     1   809.1   1.0  3.23   2.3  26.0    13     ENE

Max >=  90.0:  0
Max <=  32.0:  0
Min <=  32.0: 18
Min <=   0.0:  0
Max Rain: 0.70 ON 03/24/20
Days of Rain: 16 (>.01 in) 9 (>.1 in) 0 (>1 in)
Heat Base:  65.0  Cool Base:  65.0  Method: Integration