NOAA-Style Climate Reports


NOAA Climate Reports are updated by Weatherlink v6.0.3 once per hour from this station.
2007-2019 Summary

Report for 2020 April
                   MONTHLY CLIMATOLOGICAL SUMMARY for APR. 2020

NAME: CW6839   CITY: Country Meadow, Clay   STATE: New York 
ELEV:   410 ft  LAT:  43° 10' 16" N  LONG:  76° 09' 44" W

                   TEMPERATURE (°F), RAIN  (in), WIND SPEED (mph)

                                      HEAT  COOL        AVG
    MEAN                              DEG   DEG         WIND                 DOM
DAY TEMP  HIGH   TIME   LOW    TIME   DAYS  DAYS  RAIN  SPEED HIGH   TIME    DIR
------------------------------------------------------------------------------------
 1  41.2  47.8   3:40p  32.4  12:00m  23.8   0.0  0.00   2.5  18.0   3:10p    NW
 2  39.9  51.0   4:00p  27.9   5:20a  25.1   0.0  0.00   2.8  21.0  11:50a    NW
 3  42.1  45.2   5:20p  38.5   6:30a  22.9   0.0  0.11   2.5  14.0   3:40a    NW
 4  47.8  56.7   3:30p  41.9   6:40a  17.2   0.0  0.00   0.7   9.0   4:30p   WNW
 5  47.5  53.7   1:10p  38.2  12:00m  17.5   0.0  0.00   0.9  11.0   3:20p   WNW
 6  44.8  55.3   2:20p  32.1   7:10a  20.2   0.0  0.00   1.4  14.0  11:50p    NW
 7  51.3  61.3   3:50p  42.2   7:30a  13.7   0.0  0.17   1.4  13.0  12:10a   WSW
 8  46.3  52.6   5:30p  41.8  12:00m  18.7   0.0  0.04   1.1  10.0   4:20a   ENE
 9  42.1  50.1  10:10a  36.4  12:00m  22.9   0.0  0.05   3.4  26.0   2:40p   WNW
10  35.8  40.1   6:40p  32.2   8:30a  29.2   0.0  0.42   4.9  21.0   7:40p   WNW
11  37.7  45.5   3:10p  31.0  11:50p  27.3   0.0  0.00   2.9  20.0   5:40p   WNW
12  46.9  61.8   5:20p  28.7   3:10a  18.1   0.0  0.00   1.9  16.0  12:00m   SSE
13  57.1  68.9   2:50p  40.6  11:00p   8.2   0.4  0.19   6.6  29.0   9:30a   SSE
14  41.3  47.6   4:50p  34.3  12:00m  23.7   0.0  0.00   2.9  19.0   2:30a   WNW
15  35.3  42.8   2:50p  30.5   5:50a  29.7   0.0  0.04   1.8  17.0   3:00p    NW
16  32.5  39.3   4:30p  28.3   7:20a  32.5   0.0  0.09   2.3  18.0   1:50p     W
17  35.8  42.8   2:50p  29.8   6:40a  29.2   0.0  0.05   2.1  17.0  12:40p   WSW
18  38.6  47.0   3:50p  32.1   7:30a  26.4   0.0  0.11   2.2  16.0   3:20p     N
19  44.9  59.4  12:50p  32.8   1:40a  20.1   0.0  0.23   3.1  21.0   9:20a    SW
20  38.0  48.4   4:00p  29.1   6:30a  27.0   0.0  0.00   1.5  12.0  11:50a    NW
21  37.9  49.8   8:00a  29.3  11:30p  27.1   0.0  0.05   5.0  28.0   8:00a   WNW
22  32.9  40.2   4:00p  26.9   6:10a  32.1   0.0  0.06   4.8  24.0   2:50p   WNW
23  36.8  45.9   3:00p  23.3   6:10a  28.2   0.0  0.01   1.0   9.0  10:00a    SE
24  45.0  50.6   4:30p  41.2   1:40a  20.0   0.0  0.01   1.9  13.0   9:30a   ENE
25  49.7  61.9   3:50p  37.4   6:50a  15.3   0.0  0.00   1.1  12.0   4:40p   NNW
26  45.6  52.0   2:00a  41.3  11:20p  19.4   0.0  0.39   1.9  15.0   2:20p   ENE
27  42.0  46.8   7:00p  35.5  11:50p  23.0   0.0  0.08   2.5  12.0   3:50a   NNW
28  45.7  59.7   4:50p  29.6   5:50a  19.3   0.0  0.00   0.7   9.0  12:00p   ENE
29  54.7  65.9   3:20p  45.0   6:20a  10.3   0.0  0.00   5.6  27.0   4:20p    SE
30  55.7  65.5   2:50p  49.4   9:50a   9.4   0.0  1.32   5.6  36.0   2:20p   ENE
-------------------------------------------------------------------------------------
    43.1  68.9    13    23.3    23   657.5   0.4  3.42   2.6  36.0    30     WNW

Max >=  90.0:  0
Max <=  32.0:  0
Min <=  32.0: 11
Min <=   0.0:  0
Max Rain: 1.32 ON 04/30/20
Days of Rain: 16 (>.01 in) 8 (>.1 in) 1 (>1 in)
Heat Base:  65.0  Cool Base:  65.0  Method: Integration