NOAA-Style Climate Reports


NOAA Climate Reports are updated by Weatherlink v6.0.3 once per hour from this station.
2007-2019 Summary

Report for 2020 June
                   MONTHLY CLIMATOLOGICAL SUMMARY for JUN. 2020

NAME: CW6839   CITY: Country Meadow, Clay   STATE: New York 
ELEV:   410 ft  LAT:  43° 10' 16" N  LONG:  76° 09' 44" W

                   TEMPERATURE (°F), RAIN  (in), WIND SPEED (mph)

                                      HEAT  COOL        AVG
    MEAN                              DEG   DEG         WIND                 DOM
DAY TEMP  HIGH   TIME   LOW    TIME   DAYS  DAYS  RAIN  SPEED HIGH   TIME    DIR
------------------------------------------------------------------------------------
 1  55.0  65.2   4:00p  44.6   1:40a  10.0   0.0  0.00   0.5  12.0   1:00p    NW
 2  60.9  66.9   4:20p  53.5   6:20a   4.3   0.2  0.04   1.2  11.0   2:10p    SW
 3  64.4  73.3   5:00p  57.0   5:50a   2.8   2.2  0.27   0.6  12.0   5:30p    NW
 4  71.3  86.1   3:20p  54.5   5:20a   2.4   8.7  0.00   0.7  16.0   6:50p   SSW
 5  74.4  85.3   4:20p  64.5   5:50a   0.0   9.4  0.01   0.2   8.0   2:10p     W
 6  68.9  76.5   1:50p  58.3  12:00m   0.7   4.6  0.00   1.1  21.0   5:20p    NW
 7  60.1  68.4   1:40p  50.9  12:00m   5.5   0.6  0.00   1.0  15.0   2:50p    NW
 8  60.2  71.5   2:30p  46.0   6:00a   6.6   1.8  0.00   0.8  12.0   1:50p   NNW
 9  68.9  84.4   4:00p  51.6   4:00a   3.7   7.6  0.00   0.6  13.0   1:50p   NNW
10  76.4  90.2   4:00p  64.8  12:20a   0.0  11.4  0.00   3.7  24.0   5:30p   ENE
11  72.4  81.2  12:10a  60.6  12:00m   0.1   7.5  0.00   1.9  21.0  10:00a   NNW
12  61.5  69.0  11:10a  49.9  12:00m   3.9   0.4  0.00   1.3  14.0  11:40a    NW
13  51.2  58.8   2:20p  43.6  12:00m  13.8   0.0  0.00   1.2  12.0  12:20p     N
14  53.8  66.1   3:30p  39.6   4:40a  11.2   0.0  0.00   0.8  13.0   2:50p     N
15  59.7  71.6   3:30p  47.2   4:30a   7.0   1.7  0.00   1.1  11.0   1:50p     N
16  63.3  77.9   3:40p  46.2   5:40a   6.0   4.3  0.00   1.1  11.0   2:30p   NNW
17  67.4  81.9   6:10p  50.4   6:00a   4.0   6.4  0.00   0.9  12.0   2:40p   ENE
18  71.3  86.1   3:20p  55.9   4:30a   2.3   8.6  0.00   1.0  11.0   7:00p     N
19  72.4  83.6   5:20p  60.1   5:50a   0.7   8.1  0.45   0.7  18.0   7:40p   SSE
20  74.2  86.6   2:50p  61.2   5:00a   0.6   9.7  0.00   0.3   9.0  11:50a   NNW
21  77.0  88.4   3:40p  63.5   5:40a   0.1  12.1  0.00   0.8  11.0   2:00p   NNW
22  76.7  89.4   3:20p  65.5   5:50a   0.0  11.7  0.71   0.7  17.0   7:10p   SSW
23  76.8  87.3   4:20p  67.8   2:50a   0.0  11.8  0.10   2.1  16.0   5:10p     S
24  68.0  75.1   1:00p  56.9  12:00m   0.8   3.8  0.02   1.7  19.0  11:30a    SW
25  68.0  79.4   2:50p  56.7  12:20a   1.8   4.7  0.05   1.0  13.0   9:00a   WSW
26  71.6  82.1   3:10p  61.6   6:10a   0.4   7.0  0.00   0.7  11.0   5:10p   WSW
27  66.1  77.1   4:40p  57.0   4:20a   2.1   3.2  0.68   0.4  10.0   7:10p   ENE
28  71.4  79.6   2:10p  65.0   2:20a   0.0   6.4  0.02   0.6  11.0   1:40p    NW
29  71.5  81.1   1:50p  60.3   5:40a   0.8   7.3  0.00   1.4  14.0   1:20p   NNW
30  69.5  77.7   3:10p  62.2   5:40a   0.3   4.7  0.03   1.5  12.0  10:30a     N
-------------------------------------------------------------------------------------
    67.5  90.2    10    39.6    14    91.9 165.9  2.38   1.1  24.0    10     NNW

Max >=  90.0:  1
Max <=  32.0:  0
Min <=  32.0:  0
Min <=   0.0:  0
Max Rain: 0.71 ON 06/22/20
Days of Rain: 10 (>.01 in) 4 (>.1 in) 0 (>1 in)
Heat Base:  65.0  Cool Base:  65.0  Method: Integration